*x - 9. Suppose -2*c = 3*m + 512, -2*c - 6 = -5*c. Let o = m - -40. Let d = o + 126. Determine h(d).
-3
Let c = -199 + 208. Suppose 7*x = -c*x - 48. Let s(o) = 7*o**3 + 9*o**2 - o + 1. Let m(i) = 11*i**3 + 14*i**2 - i + 2. Let r(p) = -5*m(p) + 8*s(p). Give r(x).
-2
Let a(g) = g - 3. Let u(m) = m - 3. Let j(q) = -q - 8. Let w be j(-11). Let h(s) = w*u(s) - 2*a(s). Suppose 8 = -0*z + 2*z. Determine h(z).
1
Suppose -58*f - 1269 = -85*f. Suppose 0 = -22*l + 19 + f. Let q(n) = n**3 - 5*n**2 + n + 2. Give q(l).
-13
Let y(c) be the third derivative of 13*c**4/24 + 15*c**3/2 + 1164*c**2. Determine y(-5).
-20
Let n = 60 - 56. Suppose 5*c - 15 = 4*j, j = c + n*c + 15. Let t(b) = -b**3 - 9*b**2 + 12*b - 5. Give t(j).
-25
Let v = 1 - -1. Let n(i) = -16*i - 30. Let g(l) = 27*l + 52. Let o(m) = 4*g(m) + 7*n(m). Determine o(v).
-10
Let o(z) be the third derivative of z**6/720 + z**5/120 - z**4/12 + 4*z**3/3 - 55*z**2. Let g(l) be the second derivative of o(l). Give g(8).
9
Let p(s) = 13*s**2 - 29*s. Let x(t) = 3*t**2 - 7*t. Let z(h) = -2*p(h) + 9*x(h). Suppose -98*o + 299 + 317 = 28. Calculate z(o).
6
Let n(x) = -2*x**3 - 3*x**2 + 10*x. Let v = -2355 - -2352. What is n(v)?
-3
Let b(d) = 17*d + 26. Let k(i) = 17*i + 38. Let x(t) = 5*b(t) - 4*k(t). Give x(4).
46
Let w(q) = 45*q - 18*q - 54 - 42*q. Let f be w(-4). Let x(b) = -2*b**2 + 10*b + 8. What is x(f)?
-4
Let l(p) be the third derivative of p**5/60 + p**4/12 - 3*p**3/2 + 147*p**2 + p. Let u(g) = -g**2 + 5*g - 7. Let q be u(5). Give l(q).
26
Let q(m) = -m - 2. Suppose -4*o + 4*l = 9*l - 29, o - 3*l + 14 = 0. Determine q(o).
-3
Let y(s) be the third derivative of -7*s**4/12 + 27*s**3 - 13108*s**2 - 2*s. Give y(11).
8
Let w(x) = -19*x**3 - 3*x**2 - 69*x + 4. Let p(o) = 19*o**3 + 2*o**2 + 55*o - 3. Let a(h) = 5*p(h) + 4*w(h). Calculate a(-1).
-19
Suppose 3*v = 55 - 31. Let a(b) = 5*b**2 - 28 + 37 - v + b - 2*b**2. Determine a(-1).
3
Let t be ((-117)/(-26))/(((-6)/(-16))/1). Suppose -4*y - 16 = -t*y. Let v(b) = b**3 + 4 + 5*b**2 + y + 1 - 5. What is v(-4)?
18
Let m(y) be the second derivative of -11*y**3/3 - 267*y**2/2 - 3920*y. Give m(-12).
-3
Let x(u) = 3*u**2 + 2*u**3 + 0*u**3 + 3*u - u**3 - 232 + 235. Let i(r) be the second derivative of r**3/6 - 11*r**2/2 - 3*r. Let c be i(8). Determine x(c).
-6
Let k(r) = -12*r**2 - 13*r - 57. Let c(a) = -7*a**2 - 5*a - 26. Let n(f) = 7*c(f) - 4*k(f). What is n(20)?
-14
Suppose -5*k + 40 = 5*h, 11*k + 3*h = 17*k - 12. Suppose a = 4*a - 12. Let g(q) = -1 - 2 - a*q - 2. Determine g(k).
-21
Let t(r) = -r**2 + 16*r - 15. Let k(x) = x**3 - 9*x**2 + 151*x - 136. Let f(y) = -2*k(y) + 19*t(y). Calculate f(-3).
26
Let h(n) = -n**3 + 10*n**2 - 14*n - 17. Suppose 294 = -50*f + 35*f + 57*f. What is h(f)?
32
Let t(a) = -7314 + 8*a**2 + 4*a**3 - 7*a**2 + 7317 + 3*a + 5*a**2 - 5*a**3. Suppose -2 = -3*p - 3*b - 5, -5*p - 3*b + 5 = 0. Determine t(p).
47
Suppose 0 = 17*j + 63*j + 240. Let x(z) = -z**2 - 12*z - 31. What is x(j)?
-4
Let l(t) be the first derivative of -5*t**2 - 1. Suppose 48*i = 43*i. Suppose 27 - 19 = -z - 3*k, i = 5*z + 4*k + 18. Calculate l(z).
20
Let a(u) = 7*u + 6. Let y(k) = -k + 1. Suppose 24*r = -9*r - 198. Let q(b) = r*y(b) - a(b). Give q(-10).
-2
Let l(f) = f**3 - 3*f**2 - 13*f + 4. Let m(k) = 24*k + 1782. Let q be m(-74). Calculate l(q).
34
Let l = -358 + 477. Let x(j) = 59 - j + 10*j**2 + 60 - l. Determine x(1).
9
Let s(f) be the third derivative of f**6/120 - 19*f**5/60 - 7*f**4/8 + 5*f**3/2 - 2164*f**2. Give s(20).
-5
Let b(z) = z**2 - 7*z + 6. Let l be 12*50/15 - 6. Suppose -11*i - 115 = -l*i. Determine b(i).
-4
Let p(h) = 33 - 66*h**2 + 27*h**2 + h + 13*h + 19*h**2 + 21*h**2. What is p(-3)?
0
Let p(f) = f**2 + f - 30. Let v be -13 + (-25)/(150/(-48)). Calculate p(v).
-10
Let o(y) = 23*y + 9. Let z(r) = 515*r + 200. Let m(a) = -45*o(a) + 2*z(a). Give m(-7).
30
Let x(p) be the second derivative of 11*p - 1/12*p**4 - 3 + 3/2*p**2 + 1/2*p**3. Determine x(-4).
-25
Let u be ((-14)/(-21))/((-4)/(-138)). Let l(m) = -11 - 11 + u - 9*m. Give l(-4).
37
Suppose -23*a - b = -25*a - 9, 3*a + 6 = 3*b. Let g(t) = t**3 + 7*t**2 - 8*t - 47. Calculate g(a).
9
Suppose 7 + 6 = 3*c + 5*h, -h + 18 = 2*c. Let i(r) = -16*r**3 - r**2 - 11*r**3 + c + 44*r**3 - 18*r**3. Determine i(0).
11
Let s(b) be the first derivative of -2*b**3/3 + 3*b**2/2 + 86*b - 5199. Calculate s(7).
9
Let h(v) = 0*v**3 + 8*v**3 + 1 - 9*v**3 - 2*v**2 + v**2 + v. Let m(r) = 9*r**2 - 350*r - 41. Let p be m(39). Determine h(p).
3
Let v(f) = -f - 2. Let m(z) = z - 60. Let j(h) = m(h) + 6*v(h). Calculate j(-23).
43
Let u(x) = 3219*x - 6418*x + 35 + 3206*x + 7. Calculate u(-17).
-77
Let s(x) be the first derivative of -x**4/4 + 4*x**3 - 17*x**2/2 + 28*x + 3706. What is s(11)?
-38
Let d(r) = -r**3 + 10*r**2 - 7*r - 8. Let m be 70/8 + ((-247)/52 - -5). Let j be (6 + -5)*m*1. Calculate d(j).
10
Let w(n) = 270*n - 119*n - 143*n - 53 - 19. What is w(8)?
-8
Let y(a) be the second derivative of 0 + 1/6*a**3 - 1/12*a**4 + 187*a - a**2. Determine y(0).
-2
Let l(x) = -5*x + 6. Let r(z) be the second derivative of 2*z**3/3 + 9*z**2 - z. Let q be r(-9). Let w = 22 + q. What is l(w)?
-14
Let a = 57 + -34. Suppose -95 - 60 = -5*t. Let g = a - t. Let z(c) = -2*c - 5. Determine z(g).
11
Let y(p) = p**2 + 7*p + 3. Suppose 14*b - 10*b - 53 = -n, -2*b = -n - 31. Let h be (b - 270/20)*14/(-1). Calculate y(h).
3
Let f(t) = 3*t - 2. Suppose 13*r + 8 = 15*r. Let c(w) = w - 2. Let y(x) = r*c(x) - 4*f(x). Calculate y(-1).
8
Let y(h) be the first derivative of -11*h**2/2 + 6*h - 2827. Give y(-2).
28
Let m(p) = p**3 - 2140*p**2 + 23 - 18*p + 4*p - 11*p + 2128*p**2. Determine m(14).
65
Let q(h) = -13*h**2 - 19*h - 45. Let b(x) be the second derivative of x**4/2 + 3*x**3/2 + 10*x**2 + 19*x + 3. Let p(k) = 9*b(k) + 4*q(k). What is p(-3)?
3
Let a(z) = z**2 - z + 15. Suppose 5*w - 15*w + 2840 = 0. Let i = w - 284. What is a(i)?
15
Let p(d) = -100 + d**2 + 2047*d - 4120*d + 2072*d. Give p(9).
-28
Let j be (-23)/((-552)/(-80))*(-30)/(-25). Let r(t) = 2*t**3 + 9*t**2 - 11*t - 55. What is r(j)?
5
Let q be ((-240)/70)/(-12) + (-30)/(-42). Let n(p) = -p**2 + p + 2. Calculate n(q).
2
Let m = -23149 - -23136. Let o(c) = 2*c**2 + 20*c - 74. Give o(m).
4
Suppose -34*o - 14 = -36*o. Let k(z) be the first derivative of 5*z**2/2 - 7*z + 27. Calculate k(o).
28
Let c(z) be the second derivative of 1/2*z**2 + 0 - 1/2*z**3 - 7*z. Suppose -4*g + 5*b - 49 = 0, 48*g = 49*g - 4*b + 26. Give c(g).
19
Suppose -8*x = -13*x + 330. Let b = x + -70. Let s(p) = -7*p + 11*p - 5*p. Calculate s(b).
4
Let g(q) = -q**3 + 9*q**2 - 9*q + 8. Let f = 38 - 34. Suppose -f*o + 8 = 20, 4*j + 2*o = -54. Let b be j*-2*1/12*4. Give g(b).
0
Let z(i) = -i**3 + 5*i**2 - 6*i - 2. Let d(n) = 3*n**3 - 11*n**2 + 14*n + 3. Let u(g) = -2*d(g) - 5*z(g). What is u(-3)?
-2
Suppose 54*q = 149*q + 336 + 44. Let f(v) = -4*v**2 - 18*v - 4. Determine f(q).
4
Let q(z) be the third derivative of -80*z**2 + 0 + 1/120*z**6 + 0*z + 4/3*z**3 - 2/15*z**5 - 1/12*z**4. What is q(8)?
-8
Suppose 118 - 93 = 13*p - 170. Let b(u) = -u**3 + 15*u**2 - 3*u + 43. Calculate b(p).
-2
Let y(a) = -2*a**2 - 24*a + 45. Let c be y(-15). Let j be (1/(9/12))/(30/c). Let o(r) = r - 4. Calculate o(j).
-6
Suppose 0 = -4*k - 2867 + 547. Let f = -574 - k. Let n(v) = 6*v**2 - 2*v + 10. Let m(t) = 7*t**2 - t + 11. Let l(y) = 5*m(y) - 6*n(y). Determine l(f).
1
Let u(q) = -4612*q**2 + 4625*q**2 - 16*q + q**3 - 3 - 21. Calculate u(-14).
4
Let f(a) = -a + 5. Suppose 0 = -72*y + 71*y + 13. Suppose y*m + 55 = -49. What is f(m)?
13
Let k(q) = -64*q - 63. Let c(v) = 117*v + 125. Let p(j) = 6*c(j) + 11*k(j). What is p(25)?
7
Let s(w) = w**2 - 547*w + 4844. Let y be s(9). Let d(b) be the first derivative of -y*b - 3 + 5/2*b**2. What is d(3)?
13
Suppose -t - 2 = -2*t. Let h(z) = 3 - t + 1 - 3*z + z. Let l be -3 + 3 + (-5)/5 - (-2 - 5). Calculate h(l).
-10
Let t(r) = 2 + 19*r - 2*r - 40*r - 2*r + 26*r. Suppose 0*i - z = 2*i - 10, -20 = -5*z. Determine t(i).
5
Suppose 0 = -908*x + 900*x. Let l(k) be the first derivative of 1/2*k**2 - 18 + x*k. Calculate l(7).
7
Let d(h) = h**2 + 8*h + 7. Let n(w) = -w**3 - 4*w**2 + 5*w + 5. Let g be n(-5). Suppose 0*s = -s + 5. Suppose -g*o + 4*o - 7 = -b, 0 = o + s*b + 1. Give d(o).
-5
Let d be (-4 - 5/5)*-2. Let y